(base 11) in base 15?
-3b
Convert -11 (base 12) to base 15.
-d
What is -1 (base 13) in base 3?
-1
Convert -48 (base 15) to base 4.
-1010
Convert e (base 16) to base 4.
32
What is -20 (base 4) in base 3?
-22
What is -32 (base 6) in base 14?
-16
0 (base 15) to base 5
0
What is -2112 (base 4) in base 3?
-12120
-20 (base 5) to base 15
-a
1b (base 16) to base 12
23
Convert -1021 (base 3) to base 10.
-34
3 (base 16) to base 15
3
Convert -10 (base 2) to base 16.
-2
d (base 16) to base 3
111
What is 39 (base 10) in base 5?
124
What is -4 (base 8) in base 5?
-4
Convert 0 (base 8) to base 2.
0
What is -10222 (base 3) in base 2?
-1101011
Convert -1 (base 16) to base 2.
-1
What is -3 (base 8) in base 12?
-3
What is 3 (base 11) in base 6?
3
What is -110 (base 7) in base 3?
-2002
What is -78 (base 13) in base 2?
-1100011
Convert 103 (base 4) to base 15.
14
35 (base 12) to base 14
2d
-13 (base 16) to base 8
-23
131 (base 7) to base 13
56
Convert 51 (base 6) to base 13.
25
-17 (base 9) to base 12
-14
-1 (base 8) to base 10
-1
Convert -23 (base 7) to base 9.
-18
Convert 52 (base 6) to base 10.
32
Convert -29 (base 15) to base 16.
-27
What is 131 (base 6) in base 14?
3d
Convert -1 (base 16) to base 4.
-1
What is 11 (base 2) in base 10?
3
What is 22 (base 14) in base 13?
24
Convert -34 (base 5) to base 4.
-103
-232 (base 7) to base 3
-11111
What is -23 (base 11) in base 16?
-19
What is -101 (base 2) in base 3?
-12
Convert 110 (base 4) to base 16.
14
10 (base 2) to base 8
2
What is 6 (base 16) in base 9?
6
Convert -3 (base 7) to base 13.
-3
2 (base 16) to base 9
2
-1001111 (base 2) to base 9
-87
Convert -13 (base 6) to base 9.
-10
-77 (base 16) to base 12
-9b
113 (base 6) to base 15
30
0 (base 8) to base 16
0
Convert -ba (base 16) to base 7.
-354
-15 (base 16) to base 14
-17
What is 335 (base 7) in base 10?
173
Convert -a3 (base 15) to base 2.
-10011001
What is 241 (base 6) in base 11?
89
What is -2033 (base 4) in base 10?
-143
20 (base 3) to base 10
6
What is 1010 (base 5) in base 13?
a0
1 (base 15) to base 13
1
Convert 1 (base 11) to base 7.
1
What is -11 (base 4) in base 8?
-5
What is -6 (base 9) in base 14?
-6
Convert 4 (base 14) to base 7.
4
What is 4c (base 13) in base 3?
2101
Convert -a0 (base 12) to base 10.
-120
What is -1111 (base 2) in base 15?
-10
What is 5 (base 14) in base 15?
5
What is -500 (base 6) in base 5?
-1210
What is 5 (base 10) in base 9?
5
7 (base 15) to base 6
11
What is -166 (base 10) in base 6?
-434
1011 (base 3) to base 14
23
What is -32 (base 10) in base 9?
-35
What is -76 (base 10) in base 6?
-204
-12 (base 5) to base 4
-13
-32 (base 4) to base 14
-10
Convert -9 (base 16) to base 14.
-9
What is -163 (base 8) in base 15?
-7a
What is 2a (base 11) in base 9?
35
Convert 41 (base 5) to base 9.
23
-8 (base 13) to base 10
-8
11 (base 2) to base 5
3
Convert -2 (base 8) to base 2.
-10
What is 1 (base 9) in base 7?
1
Convert -8 (base 13) to base 7.
-11
Convert 49 (base 16) to base 2.
1001001
Convert -39 (base 14) to base 15.
-36
Convert 4 (base 16) to base 8.
4
-111 (base 3) to base 6
-21
-11 (base 5) to base 7
-6
-10 (base 3) to base 10
-3
Convert 2 (base 4) to base 13.
2
Convert -2423 (base 5) to base 14.
-1bd
What is -1 (base 9) in base 4?
-1
-1 (base 5) to base 13
-1
Convert 1125 (base 7) to base 2.
110011011
Convert -2 (base 6) to base 4.
-2
Convert 7 (base 14) to base 3.
21
-28 (base 10) to base 8
-34
What is -8 (base 14) in base 7?
-11
What is 9 (base 10) in base 3?
100
What is 16 (base 7) in base 5?
23
-165 (base 9) to base 15
-95
What is 7 (base 10) in base 2?
111
-22 (base 7) to base 13
-13
-4 (base 8) to base 15
-4
What is -1 (base 14) in base 9?
-1
188 (base 9) to base 5
1121
Convert 1000010 (base 2) to base 6.
150
1001101 (base 2) to base 4
1031
10021 (base 3) to base 7
154
What is 11 (base 13) in base 16?
e
-10 (base 4) to base 9
-4
What is 5 (base 13) in base 4?
11
4 (base 7) to base 16
4
Convert -321 (base 5) to base 6.
-222
What is c (base 15) in base 5?
22
Convert -29 (base 11) to base 4.
-133
What is -220 (base 3) in base 12?
-20
Convert 106 (base 8) to base 5.
240
Convert -1 (base 5) to base 7.
-1
What is 11 (base 6) in base 16?
7
-3 (base 9) to base 3
-10
-6 (base 9) to base 7
-6
-20 (base 8) to base 14
-12
Convert 3 (base 7) to base 3.
10
What is -42 (base 5) in base 7?
-31
What is 1 (base 7) in base 2?
1
What is 1 (base 11) in base 12?
1
What is -4 (base 11) in base 10?
-4
Convert 5 (base 10) to base 5.
10
Convert 2 (base 13) to base 4.
2
0 (base 10) to base 9
0
Convert -2 (base 16) to base 10.
-2
Convert 1 (base 4) to base 5.
1
Convert 45 (base 6) to base 7.
41
-14 (base 11) to base 7
-21
100 (base 2) to base 8
4
Convert -21 (base 7) to base 9.
-16
-4 (base 12) to base 5
-4
What is -62 (base 10) in base 2?
-111110
-6 (base 15) to base 16
-6
Convert 1 (base 9) to base 12.
1
Convert 12 (base 9) to base 6.
15
Convert 2 (base 8) to base 2.
10
What is -112 (base 3) in base 16?
-e
What is 45 (base 10) in base 4?
231
What is -11 (base 3) in base 16?
-4
20 (base 7) to base 12
12
Convert 0 (base 12) to base 5.
0
-1 (base 9) to base 7
-1
Convert 3 (base 10) to base 3.
10
2 (base 7) to base 6
2
What is -133 (base 4) in base 11?
-29
Convert -1 (base 10) to base 6.
-1
1111 (base 2) to base 11
14
Convert 0 (base 12) to base 16.
0
-11 (base 3) to base 9
-4
6 (base 11) to base 9
6
31 (base 5) to base 10
16
What is 1001 (base 2) in base 11?
9
What is -101 (base 5) in base 16?
-1a
Convert 221 (base 3) to base 13.
1c
What is 21 (base 3) in base 13?
7
Convert 18 (base 16) to base 15.
19
Convert 95 (base 15) to base 12.
b8
What is 115 (base 11) in base 12?
b5
What is -3 (base 6) in base 3?
-10
What is -121 (base 10) in base 11?
-100
Convert -6 (base 11) to base 16.
-6
What is -46 (base 13) in base 12?
-4a
What is d2 (base 14) in base 8?
270
245 (base 10) to base 5
1440
Convert -8 (base 13) to base 9.
-8
What is -133 (base 8) in base 6?
-231
-23 (base 6) to base 4
-33
What is 2 (base 10) in base 6?
2
Convert -23 (base 6) to base 14.
-11
What is -4 (base 15) in base 4?
-10
4 (base 10) to base 4
10
Convert -3 (base 10) to base 8.
-3
323 (base 5) to base 11
80
What is -1010101 (base 2) in base 6?
-221
What is -1110001 (base 2) in base 14?
-81
Convert ab (base 13) to base 12.
b9
Convert 4 (base 11) to base 5.
4
-12 (base 14) to base 4
-100
bc (base 13) to base 10
155
What is -7 (base 14) in base 5?
-12
Convert a (base 13) to base 14.
a
Convert 111 (base 2) to base 16.
7
3 (base 4) to base 12
3
What is -11 (base 2) in base 15?
-3
-12 (base 7) to base 6
-13
What is 4 (base 7) in base 11?
4
What is -20 (base 3) in base 5?
-11
What is -360 (base 7) in base 2?
-10111101
Convert -18 (base 14) to base 12.
-1a
Convert -3 (base 6) to base 9.
-3
2 (base 8) to base 3
2
What is 112 (base 5) in base 8?
40
Convert -143 (base 11) to base 15.
-b3
Convert 123 (base 5) to base 6.
102
70 (base 9) to base 16
3f
-5 (base 9) to base 4
-11
What is -14 (base 11) in base 7?
-21
What is 11 (base 2) in base 6?
3
Convert -1120 (base 5) to base 13.
-c4
Convert -1023 (base 4) to base 15.
-50
Convert 127 (base 8) to base 4.
1113
11 (base 4) to base 10
5
Convert -2 (base 9) to base 7.
-2
-9b (base 12) to base 3
-11102
10 (base 10) to base 12
a
Convert -3 (base 14) to base 10.
-3
Convert -100 (base 2) to base 5.
-4
-50 (base 6) to base 8
-36
15 (base 16) to base 13
18
Convert -5 (base 7) to base 14.
-5
What is 3a (base 11) in base 5?
133
What is -1 (base 11) in base 15?
-1
Convert -3 (base 8) to base 12.
-3
Convert 0 (base 2) to base 8.
0
Convert 9 (base 12) to base 5.
14
Convert 23 (base 7) to base 15.
12
Convert -2 (base 3) to base 2.
-10
What is 52 (base 7) in base 10?
37
What is 0 (base 6) in base 10?
0
10 (base 2) to base 8
2
Convert -3 (base 10) to base 4.
-3
What is 33 (base 9) in base 3?
1010
110 (base 3) to base 8
14
3013 (base 5) to base 10
383
What is 72 (base 8) in base 3?
2011
6 (base 12) to base 6
10
What is 1 (base 8) in base 7?
1
Convert -7c (base 15) to base 2.
-1110101
What is 2 (base 13) in base 10?
2
-100001 (base 2) to base 12
-29
What is 2 (base 6) in base 10?
2
Convert 101111 (base 2) to base 9.
52
Convert -10 (base 5) to base 9.
-5
Convert 1111 (base 2) to base 14.
11
What is -53 (base 13) in base 7?
-125
Convert -27 (base 8) to base 14.
-19
What is